 Let g = n + 60. What is the units digit of g?
6
Let v = 56 + 39. What is the units digit of v?
5
Suppose 5*b + 2*x = 5*x + 467, -x = 2*b - 178. What is the units digit of b?
1
Let s(b) = b**3 + 2*b**2 - 2*b + 3. Let q be s(2). Let g be (q/(-20))/((-2)/8). Suppose 4*p + g - 55 = 0. What is the tens digit of p?
1
Suppose 4*j = -2*g + 4, -4*g - 4*j + 3 + 5 = 0. Suppose g*s = -2*s + 28. Suppose z - 3*t - s = 0, 5*z - 74 = 5*t + 1. What is the tens digit of z?
1
Let x be (-15)/6*-2 - -2. Suppose 3*k + 1 = t + x, t - k + 4 = 0. What is the tens digit of 4/12 + (-41)/t?
1
Let a be -5*(-3 + 1)*-1. Let r(p) = 5*p - 11. Let m be r(5). Let l = a + m. What is the units digit of l?
4
Suppose -4*s + i = -4*i - 232, -2*s - 2*i = -116. Suppose 16 = -2*r + s. What is the units digit of r?
1
Let m(b) = 143*b. What is the tens digit of m(1)?
4
Suppose -a + 5*w = -20, 9 = -5*a - 4*w - 7. Suppose a = -4*b - 4*n + 16, 0 = -2*b + 2*n - 0 + 12. What is the units digit of b?
5
Let y(k) be the second derivative of -k**4/12 - k**3 + 5*k**2 + k. Let r be y(-7). Suppose r + 1 = 2*m. What is the units digit of m?
2
Let p = 109 - 41. Suppose 3*d - p = -d. What is the tens digit of d?
1
Let v be (-24)/(-2) + (-3 - -6). Suppose -2*h + 17 = -v. What is the tens digit of h?
1
Let b(t) = -t**3 - 27*t**2 - 4*t - 34. What is the tens digit of b(-27)?
7
Let i(p) = 7*p**2 + 3*p - 5. What is the units digit of i(3)?
7
Suppose 100 = v + 3*h, 92 = -2*v - h + 302. What is the hundreds digit of v?
1
Suppose -2*h + 4*h + w - 8 = 0, 0 = h + 3*w - 9. Suppose -11 = -4*o - h. What is the units digit of (1 - -2)/(2/o)?
3
Let j(y) be the third derivative of y**6/120 + 7*y**5/60 + 7*y**4/24 - 4*y**2. What is the units digit of j(-5)?
5
Suppose -5*r + 2*b + 54 = -790, 3*r - 519 = -3*b. What is the hundreds digit of r?
1
Let b = 19 - 8. What is the tens digit of b?
1
Let a = 13 + 1. What is the units digit of a?
4
Let c = -75 - -59. Suppose 4*p = 8*p - 3*n - 108, n - 20 = -p. Let r = c + p. What is the units digit of r?
8
Let l(b) = b - 5. Let p be l(8). Suppose -2*k - p*k = -70. What is the tens digit of ((-10)/7)/((-2)/k)?
1
What is the units digit of (-5)/(-10) - 2/(-4)?
1
Let r = 0 - 12. What is the units digit of r*((-2)/3)/2?
4
Let h(b) = b**3 + 6*b**2 - b + 6. Let u(c) = -4*c + 2. Let s be u(2). What is the tens digit of h(s)?
1
Let n(z) = z + 4. Let t(p) = p + 1. Let y(r) = -n(r) + 3*t(r). Let h be y(-2). Let s = -3 - h. What is the units digit of s?
2
Let k(m) = 2*m**2 - m + 1. What is the tens digit of k(-4)?
3
Suppose 9 = 2*r - 7. Let u(g) = -g**3 + 8*g**2 + 7*g - 7. What is the tens digit of u(r)?
4
Let c(m) = -16*m + 3. What is the units digit of c(-4)?
7
Let q(i) = -12*i**2 + 2*i - 1. Let k be q(1). Let r(f) = f**2 + 8*f - 11. What is the units digit of r(k)?
2
Let i(m) = m**3 - 6*m**2 + 5*m + 4. Let w be i(5). Suppose -7*c + 65 = -2*c - w*t, 0 = -4*c + 4*t + 56. What is the units digit of c?
9
Suppose -4*w = -2*m + m - 58, -3*w - m = -47. What is the units digit of w?
5
Suppose 21 = -5*n + r, 3*n - n + r + 14 = 0. Let c(p) = -p**3 - 4*p**2 + 3*p + 2. What is the units digit of c(n)?
2
Let a = 4 + 12. What is the tens digit of a?
1
Let g be 24*(0 + (-33)/6). What is the units digit of (2/(-3))/(8/g)?
1
Let i = -6 + 9. Suppose 3*s + 78 = 3*x, -3*x - i*s + 66 = -0*x. Suppose 2*g - 29 = 5*a + 13, -4*g = 5*a - x. What is the units digit of g?
1
Let b be (14/(-4))/((-1)/18). Suppose -4*u = -u - b. What is the tens digit of u?
2
Suppose -2*p + 24 + 34 = 2*k, 0 = 2*p + 5*k - 58. Let w = -18 + p. What is the tens digit of w?
1
Let n(d) = d**2 - 5*d + 3. Let i be n(6). Let t = -6 + i. What is the units digit of t?
3
Suppose -3*k - 5 = 7. What is the units digit of (-54)/k + 5/10?
4
Let v be (86/6 + 2)*3. Let f = v - 33. What is the units digit of f?
6
Let q(x) = -x**2 + 7*x - 1. Let y be q(6). Suppose -y = -2*n - 1, -23 = -r - 4*n. What is the tens digit of r?
1
Let v = 4 + 2. Suppose -4*w + v - 34 = 0. Let h(b) = b**2 + 5*b - 9. What is the units digit of h(w)?
5
Let h be (-214)/10 - 6/(-15). Let r = -7 - h. What is the units digit of r?
4
Suppose 0 = -4*y - y + 195. What is the tens digit of 1*(-2)/(-2)*y?
3
Let c(i) = -i**2 - 3*i. Let k be c(-2). Suppose -b + 13 = -3*q, -k*b + 3*b = 4*q + 18. Let y = 0 - q. What is the units digit of y?
5
Suppose -5*u + s + 2*s = -440, -u - 5*s = -88. What is the units digit of u?
8
Let c = 15 + -3. Suppose -23 = -5*d + c. What is the units digit of d?
7
Let s = 32 - 21. What is the tens digit of s?
1
Suppose -4*i - 43 = i - 2*g, 0 = -5*i + 4*g - 41. Let y = i + 16. What is the units digit of y?
7
What is the units digit of 64/(-6)*(-105)/20?
6
Let l = 1 - -1. Suppose l*s - 27 = 15. Suppose 0*c + s = 3*c. What is the units digit of c?
7
Let y be 0 - -5 - (-5 - -4). Suppose -y*v = -v - 50. What is the tens digit of v?
1
Let d(i) = -6*i**3 + 2*i**2 + 2*i - 2. What is the tens digit of d(-2)?
5
Suppose 711 = 114*v - 111*v. What is the units digit of v?
7
Let s = -9 + 6. Let m(b) = -b**2 - 5*b - 2. Let p be m(s). Let k(t) = t**2 - 2*t - 5. What is the units digit of k(p)?
3
Let l(t) = t**3 + 4*t**2 - 7*t - 2. What is the units digit of l(-5)?
8
Let z(j) = -2*j**2 - 11*j + 6. Let w(n) = -3*n**2 - 22*n + 11. Let i(k) = -3*w(k) + 5*z(k). What is the units digit of i(5)?
7
Suppose 7 = 2*n - 1, 3*c + 3*n + 3 = 0. Let g(l) = -2*l - 6. Let f be g(c). Suppose -f*z = -0*z - 8. What is the units digit of z?
2
Let s be (-18)/(-4)*2/3. Suppose -s*y - 1 = -x, -x - 3*y = -8*y + 1. Suppose 0 = -x*t + 2*t + 6. What is the units digit of t?
3
Let x = 0 - -5. Suppose 0 = -4*r - z + 103, 2*z = -x*r + 4*z + 132. What is the tens digit of r?
2
Let j(o) = -2*o**2 + 10*o**3 - 2*o**3 + 2 - 1. Suppose 5*v = -t - 2*t + 8, 4*v = 4*t. What is the units digit of j(t)?
7
Suppose -4*p - 15 - 1 = 4*r, -4*r = 20. Let l be 0 + p + 1 + -4. What is the units digit of 1/1 - (l + -6)?
9
Let m(k) = -k**2 - 29*k - 7. What is the hundreds digit of m(-13)?
2
Suppose -5*d + 761 + 769 = 0. What is the tens digit of d?
0
Let u be (-5)/(-15)*(19 - 1). Suppose -5*k + g + 15 = 0, -5*k + 4*g + 21 - u = 0. Suppose k*p = -p + 32. What is the units digit of p?
8
Let i be 1/2 - 69/(-6). Suppose -i = 4*m - 36. What is the units digit of m?
6
Let x(k) = k - 18. Let z be x(0). What is the units digit of (-328)/(-18) - (-4)/z?
8
Let u(n) = 3*n + 9. Let z be u(-5). Let c(p) = -p**2 - 8*p - 7. What is the units digit of c(z)?
5
Suppose -2*k + k + 4 = 0. Suppose -k*u + u = -33. What is the units digit of u?
1
Let t be ((-8)/(-12))/(2/33). Let c = 10 + t. What is the units digit of c?
1
Let m(y) = -4*y**3 - 3*y**2 - 14*y - 9. Let p(r) = 3*r**3 + 4*r**2 + 13*r + 9. Let h(b) = 4*m(b) + 5*p(b). What is the units digit of h(9)?
9
Suppose 10 + 10 = 5*y. Suppose -36 = -y*o - 0*o. What is the units digit of o?
9
Suppose 2*x = -2*x + 72. What is the tens digit of x?
1
Let j = -4 - -2. Let a = j + 2. Suppose s + a*s = 1. What is the units digit of s?
1
Let q(s) = -s**2 + 14. Let l be q(0). Suppose 0 = 2*u - l. What is the units digit of u?
7
Suppose m + 4*d = -4, 0*d - d - 10 = -2*m. Suppose 0 = j + 2*y + m, -5*y = -y + 16. Let i = j + -1. What is the units digit of i?
3
Suppose -2*c + 7*p - 4 = 3*p, 57 = 4*c + 5*p. Let b = c + -4. Suppose -b*f + 3*f + 20 = 2*l, -3*f = 3*l - 27. What is the tens digit of l?
1
Suppose -5*k + 5*m = -157 - 243, -12 = -4*m. What is the units digit of k?
3
Let g(q) = q**2 - 9*q + 10. Suppose 2*n - 4*n + 16 = 0. Let r be g(n). Let i(w) = 4*w - 2. What is the units digit of i(r)?
6
What is the units digit of ((-102)/5)/(27/(-360))?
2
Let t(o) = 4*o**3 + 4*o**2 + 3*o + 2. Let z be t(-2). Let p = z - -10. What is the units digit of 12/p*(-10)/4?
3
Let w(j) = 5*j - 10. Let b(f) = 11*f - 21. Let d(r) = -6*b(r) + 13*w(r). Let c be d(-2). What is the units digit of 0 - (2/(-2) + c)?
3
Suppose -j + 106 = -0*j. Suppose -3*f + 66 = -q + 4*q, 0 = 5*f + 3*q - j. What is the units digit of f/3*18/15?
8
Let b = 6 - 3. What is the units digit of b?
3
Let g = 5 - 3. Suppose -24 = -p + g. What is the tens digit of p?
2
Suppose -246 = -4*d + 3*o, 0*d = -d + o + 62. What is the units digit of d?
0
What is the units digit of (1 + -180)/(10/(-20))?
8
Let n = 319 + -2. What is the hundreds digit of n?
3
Let j = -1 - 